s the tens digit of z(5)?
3
Let i be 6/(-27) + 184/18. What is the units digit of i*(2 - -1)/6?
5
Let p(z) = z**3 + 4*z**2 - z. Let o be p(-4). Let t be (-1)/((-3)/84) + 2. What is the units digit of (12/15)/(o/t)?
6
Let r be (-3)/(18/(-10))*3. Suppose 2*z - r - 47 = 0. What is the tens digit of z?
2
Suppose -2*h + 4*h - 18 = 0. Let g = -5 + h. What is the units digit of g?
4
Suppose 3*v - 3*z = 906, -2*v + 2*z - 1517 = -7*v. What is the tens digit of v?
0
Let z be (-1)/2 - 3/2. Let m(o) = -o + 1. Let j(k) = -8*k + 5. Let h(t) = j(t) - 4*m(t). What is the units digit of h(z)?
9
Suppose 4*q = -12, f = -2*f - 3*q. Suppose f*c + 3*r = 24 + 54, -5*r - 80 = -5*c. What is the units digit of ((-18)/c)/((-1)/7)?
6
Let h = 2 + -1. Suppose -3 = 4*j + 5*u, 4*j = 5*j + u. Let s = j - h. What is the units digit of s?
2
Let v = 64 - 41. Suppose 3*s = -5*t + v + 29, s + 2*t = 18. What is the units digit of s?
4
Let y(s) = -s**2 - s - 12. Let b be y(0). Let f be 6/(-4)*b/9. Suppose -f*c - 2*h + 5*h = -11, 4*h + 17 = 3*c. What is the units digit of c?
7
Let l(z) = -2*z. Let a be l(-4). Let w = a + -7. Let t = w + 12. What is the tens digit of t?
1
Let s = 30 - 8. What is the tens digit of s?
2
Let m(w) = w**2 + 6*w - 7. Suppose -2*j - y = 16, -j - 8 = -0*j - 4*y. What is the units digit of m(j)?
9
Let p = 9 - 11. What is the tens digit of (-60)/9*(p - 1)?
2
Let x = 10 + -7. Let o be 2 + 1 + x/(-1). Suppose o = -l + 3*c + 20, -4*l + 55 = 5*c + 9. What is the tens digit of l?
1
Suppose 4*p - 88 = -4*o, 0 = 3*o - 0*p - 5*p - 82. What is the tens digit of o?
2
Let a(t) = -t**2 + t + 5. Let w be a(-4). Let g = 25 + w. What is the units digit of g?
0
Suppose 5*a - 2*o - 102 = 0, -2*a + 106 = 3*a - o. What is the tens digit of a?
2
Let h(p) = -1. Let v(r) = 4*r + 3. Let q(i) = 2*h(i) + v(i). What is the units digit of q(1)?
5
Suppose -5*w + 4*x = -115, 0 = -5*w + 2*w + 3*x + 69. What is the units digit of w?
3
Let z = 110 - 102. What is the units digit of z?
8
Suppose 2*w + 4*o = 120, -2*w - 5*o = -w - 57. Suppose 6*p - h - w = p, -8 = 4*h. What is the tens digit of p?
1
Suppose 3*c - 2 = 13. Let a = -1 + c. Suppose -a*x = -3*z + 19 + 9, 2*x - 22 = -3*z. What is the units digit of z?
8
Suppose -3*f + z + 0*z + 298 = 0, 0 = 2*f - 2*z - 192. What is the units digit of f?
1
Let c(g) be the second derivative of g**3/6 + 2*g**2 - 4*g. What is the units digit of c(9)?
3
Suppose 5*f - 3*u - 294 = 0, -6*f + 3*f + u = -178. What is the units digit of f?
0
Let f(d) = 3*d**2 + d + 1. Let p be f(-1). Suppose o - p = 6. Suppose -4*q = -o*q + 10. What is the units digit of q?
2
Suppose 2*f - 155 = -3*f. Let q = 58 - f. Suppose 0 = 3*t + 2*u - 50, q = 5*t + 2*u - 55. What is the units digit of t?
6
Let i be (-2)/3*(-4 + 7). What is the tens digit of (-13 - -2)/(i + 1)?
1
Suppose -2*y - 7 - 13 = 0. Let x(k) = k**3 + 5 + 5*k - 15*k - 3*k**2 + 12*k**2. What is the units digit of x(y)?
5
Let j(x) = 2*x + 1. Suppose i - 2 + 0 = 0. Let m be (-1)/(i/(-6)) - -1. What is the units digit of j(m)?
9
What is the units digit of 27/(-6)*(-3)/(-18)*-4?
3
Let n(j) = j**2 + 5*j - 1. Suppose -5*f - 4*d - 42 = 0, -2*f - 3*d = -6*d + 3. Let b be n(f). Suppose -b*a = -27 - 8. What is the units digit of a?
7
Suppose -3 = -j - 0*j. Suppose 5*z + 31 = -0*y - 4*y, 15 = -z - j*y. Let w(p) = p**2 - 1. What is the units digit of w(z)?
8
Let d(u) = -2*u + u**2 + u**2 + 0*u. Let x be d(2). Let g = x + -1. What is the units digit of g?
3
Let f(o) be the first derivative of o**4/24 + 3*o**3/2 - 3*o**2/2 + 3. Let n(t) be the second derivative of f(t). What is the units digit of n(-7)?
2
Suppose -5*h = -3 - 17. What is the units digit of 50/4 - (-2)/h?
3
Suppose f + 48 = 5*f. Let v be (f/2 + -2)*1. What is the units digit of (4/3)/(v/6)?
2
Suppose i = -4*i + 135. What is the tens digit of i?
2
Let p(n) = n**3 - 6*n**2 - 7*n - 7. Let k be p(7). Let g(l) = -l**2 - 9*l - 5. What is the units digit of g(k)?
9
Let r be -2*(-1)/(-2)*-5. Suppose b = r*b. Suppose b*h - 3*h = -33. What is the units digit of h?
1
Suppose -9*p + 15 = -12*p. What is the units digit of -1 + 13 + p + 7?
4
Let s = 22 + -15. What is the units digit of s?
7
Let q(j) = -2*j**2 - 4*j + 10. Let a(p) = -2*p**2 - 3*p + 11. Let r(n) = 3*a(n) - 4*q(n). What is the tens digit of r(-6)?
2
Let d = 52 + -144. What is the units digit of d/(-28) + (-6)/21?
3
Suppose u + 5*y = 37, 3*y + 9 = u - 12. What is the units digit of u?
7
Suppose -4*w - 28 = -0*w. What is the units digit of (-4 - w)*32/6?
6
Let a(v) = -15*v. Let d be a(-1). Suppose 0*m = x + 2*m - 11, 3*m = -d. What is the tens digit of x?
2
Suppose 5*c + 2*p - 28 = 228, 5*p = -10. What is the units digit of c?
2
What is the units digit of ((-1)/3)/((-6)/4734)?
3
Suppose 4*u + 0*u = 0. Suppose u = 5*l + s + 14, -3*l = -l - 5*s + 11. Let k(d) = 2*d**2 + 3*d - 2. What is the units digit of k(l)?
7
Suppose -4*f = f + 5, -2*h + 18 = 2*f. Let w be (35/h)/((-1)/(-2)). Suppose w*x - 3*x - 40 = 0. What is the tens digit of x?
1
Let a(r) = r**2 - 12*r - 16. What is the tens digit of a(15)?
2
What is the tens digit of 3510/35 - 3/((-42)/(-4))?
0
Suppose -4*b = -203 - 261. What is the tens digit of b/8 - (-1)/2?
1
What is the hundreds digit of 1*1*(150 - 1)?
1
Let d(w) = -8*w**2 - 4*w**3 + 5*w**3 + 10 + 0 - w + 0*w**3. Let m be d(8). Suppose -5*u - 4 = 3*a, a + 4*u = m*u - 2. What is the units digit of a?
2
Let g(t) = -t**2 + 10*t - 5. Let q be g(3). Let a = -1 - -12. Let u = q - a. What is the units digit of u?
5
Suppose 2*m + 12 + 0 = -b, -3*m - 3*b - 12 = 0. Let d = -103 - -99. Let w = d - m. What is the units digit of w?
4
Let p(m) = m**3 - 3*m**2 - 6*m + 1. Let z be p(4). Let f = z - -3. Let h = 13 + f. What is the units digit of h?
9
Suppose -4*r - 2*r = 90. What is the tens digit of 12/3*r/(-5)?
1
Suppose 0*f + 2 = -2*f. Let w be -27*(f - 4/(-6)). Let d(q) = q**3 - 10*q**2 + 9*q + 11. What is the tens digit of d(w)?
1
Let q = 74 + 119. What is the tens digit of q?
9
Let g(s) be the third derivative of s**6/60 + s**4/12 - s**3/6 + 3*s**2. Let r be g(1). What is the units digit of r/(-9)*66/(-2)?
1
Let a be (0 + 1)*0/1. Let w be -3 + -1 - 84/(-14). What is the tens digit of (40/2)/(w + a)?
1
Suppose -4*b = 3*m + 2*m + 5, 4*m = -2*b + 2. Suppose m*z + 16 = 7*z. Suppose -4*c = -3*h - 56, -z*h = -0*h + 16. What is the tens digit of c?
1
Let l(o) = -o**2 - 17*o - 18. Let g be l(-12). Suppose 5*f - g - 28 = 0. What is the tens digit of f?
1
Let g(l) = -3*l - 14. Let t be g(-17). Let c = 6 + t. What is the units digit of c?
3
Let d(u) = -2*u**3 + u**2 + 5*u + 7. What is the tens digit of d(-2)?
1
Suppose 1404 = 13*w - 7*w. What is the hundreds digit of w?
2
What is the units digit of 6/(-9)*(-18)/4?
3
Let w(m) = 5 + 3*m**2 - 1 - 1 - 2*m**2. Let y be w(0). Let v = 6 - y. What is the units digit of v?
3
Let k = 17 - 8. Let z be 0/((k/3)/3). Suppose z = 3*n - 7 + 1. What is the units digit of n?
2
Suppose -2*a + 316 = 2*a. What is the units digit of a?
9
What is the hundreds digit of -4 - (-357)/(3 - 0)?
1
Let t(p) = -p**3 + 1. Let s be t(1). Suppose 0 = -s*x + 5*x + 10. What is the units digit of x + (-12)/((-3)/3)?
0
Let z(r) = -3 - 5 + 5 - 5*r**2 - 8*r - r**3. What is the tens digit of z(-5)?
3
Suppose -2*u - u + 4*x = -57, -5*u = -2*x - 95. What is the units digit of u?
9
Let w = 15 - 11. What is the units digit of w?
4
Suppose 4*g - 475 + 127 = 0. What is the tens digit of g?
8
Let v be 12 + -1 - (-8 - -6). Suppose -x = -v - 5. What is the units digit of x?
8
Let q(l) = -4*l**2 + 5*l + 4*l**3 - 3*l**3 - 2 + 11*l**2. Let a be q(-6). Suppose 3*g + v - 7 = 0, a + 9 = g - 5*v. What is the units digit of g?
3
Let w = 259 - 102. What is the hundreds digit of w?
1
Let q = -286 - -527. What is the tens digit of q?
4
Let c(k) be the first derivative of -k**3/3 - 7*k**2/2 - 4*k - 1. Let i be c(-6). Suppose -i*g + 4 = -g. What is the units digit of g?
4
Suppose l - 114 - 25 = 0. What is the units digit of l?
9
Suppose -2*o + 3 + 1 = 0. Suppose 3*k = o*u - 54, -5*k - 22 = -2. Let r = u - 2. What is the units digit of r?
9
Let t(q) = -35*q - 10. What is the units digit of t(-3)?
5
Suppose 0 = 3*t + 6, 0 = 2*k + 3*t + t - 10. What is the units digit of k?
9
Suppose -6 = 2*t - 4*t, 0 = -j + 4*t - 39. Let k = -2 - j. What is